{"id":521,"date":"2023-04-25T16:00:33","date_gmt":"2023-04-25T14:00:33","guid":{"rendered":"http:\/\/lakartxela.iutbayonne.univ-pau.fr\/~tsansebastie\/Hiriburuko%20Ainhara%20Football\/?page_id=521"},"modified":"2024-12-07T12:20:36","modified_gmt":"2024-12-07T11:20:36","slug":"le-bureau","status":"publish","type":"page","link":"https:\/\/www.hiriburukoainharafootball.fr\/index.php\/le-bureau\/","title":{"rendered":"Le Comit\u00e9 Directeur"},"content":{"rendered":"\t\t<div data-elementor-type=\"wp-page\" data-elementor-id=\"521\" class=\"elementor elementor-521\" data-elementor-post-type=\"page\">\n\t\t\t\t\t\t<header class=\"elementor-section elementor-top-section elementor-element elementor-element-bf14125 elementor-section-full_width elementor-section-content-middle elementor-section-height-default elementor-section-height-default wpr-particle-no wpr-jarallax-no wpr-parallax-no wpr-sticky-section-no wpr-equal-height-no\" data-id=\"bf14125\" data-element_type=\"section\" data-e-type=\"section\" data-settings=\"{&quot;background_background&quot;:&quot;classic&quot;}\">\n\t\t\t\t\t\t<div class=\"elementor-container elementor-column-gap-no\">\n\t\t\t\t\t<div class=\"elementor-column elementor-col-33 elementor-top-column elementor-element elementor-element-56a9923\" data-id=\"56a9923\" data-element_type=\"column\" data-e-type=\"column\">\n\t\t\t<div class=\"elementor-widget-wrap elementor-element-populated\">\n\t\t\t\t\t\t<div class=\"elementor-element elementor-element-1f46f9e elementor-widget__width-initial elementor-widget elementor-widget-image\" data-id=\"1f46f9e\" data-element_type=\"widget\" data-e-type=\"widget\" data-widget_type=\"image.default\">\n\t\t\t\t<div class=\"elementor-widget-container\">\n\t\t\t\t\t\t\t\t\t\t\t\t\t\t\t<img decoding=\"async\" width=\"150\" height=\"150\" src=\"https:\/\/www.hiriburukoainharafootball.fr\/wp-content\/uploads\/2024\/02\/logo-gauche-150x150.png\" class=\"attachment-thumbnail size-thumbnail wp-image-2626\" alt=\"\" srcset=\"https:\/\/www.hiriburukoainharafootball.fr\/wp-content\/uploads\/2024\/02\/logo-gauche-150x150.png 150w, https:\/\/www.hiriburukoainharafootball.fr\/wp-content\/uploads\/2024\/02\/elementor\/thumbs\/logo-gauche-qjt8pmhk0cqexld5mbjk3d8b3fwou2b6zni5cmwwx8.png 30w, https:\/\/www.hiriburukoainharafootball.fr\/wp-content\/uploads\/2024\/02\/elementor\/thumbs\/logo-gauche-qjt8pmhk94hp96zwi3psikzzawr0keyc60f6kx0cxg.png 50w, https:\/\/www.hiriburukoainharafootball.fr\/wp-content\/uploads\/2024\/02\/elementor\/thumbs\/logo-gauche-qjt8pmhkv1vx272rpk5dkmf5tkutwak73wprnm8yy0.png 100w, https:\/\/www.hiriburukoainharafootball.fr\/wp-content\/uploads\/2024\/02\/elementor\/thumbs\/logo-gauche-qjt8pmhkma4mqlg0trz55enhm40i5xx1xjsqfc5ixs.png 80w\" sizes=\"(max-width: 150px) 100vw, 150px\" \/>\t\t\t\t\t\t\t\t\t\t\t\t\t\t\t<\/div>\n\t\t\t\t<\/div>\n\t\t\t\t\t<\/div>\n\t\t<\/div>\n\t\t\t\t<div class=\"elementor-column elementor-col-33 elementor-top-column elementor-element elementor-element-82c9f59\" data-id=\"82c9f59\" data-element_type=\"column\" data-e-type=\"column\">\n\t\t\t<div class=\"elementor-widget-wrap elementor-element-populated\">\n\t\t\t\t\t\t<div class=\"elementor-element elementor-element-e5edecf elementor-widget__width-initial elementor-widget-mobile__width-initial elementor-widget elementor-widget-heading\" data-id=\"e5edecf\" data-element_type=\"widget\" data-e-type=\"widget\" data-widget_type=\"heading.default\">\n\t\t\t\t<div class=\"elementor-widget-container\">\n\t\t\t\t\t<h1 class=\"elementor-heading-title elementor-size-default\">Le CODIR<\/h1>\t\t\t\t<\/div>\n\t\t\t\t<\/div>\n\t\t\t\t\t<\/div>\n\t\t<\/div>\n\t\t\t\t<div class=\"elementor-column elementor-col-33 elementor-top-column elementor-element elementor-element-1f5d70f\" data-id=\"1f5d70f\" data-element_type=\"column\" data-e-type=\"column\">\n\t\t\t<div class=\"elementor-widget-wrap elementor-element-populated\">\n\t\t\t\t\t\t<div class=\"elementor-element elementor-element-80c86cf elementor-widget elementor-widget-image\" data-id=\"80c86cf\" data-element_type=\"widget\" data-e-type=\"widget\" data-widget_type=\"image.default\">\n\t\t\t\t<div class=\"elementor-widget-container\">\n\t\t\t\t\t\t\t\t\t\t\t\t\t\t\t<img fetchpriority=\"high\" decoding=\"async\" width=\"507\" height=\"233\" src=\"https:\/\/www.hiriburukoainharafootball.fr\/wp-content\/uploads\/2024\/02\/lauburu-droite.png\" class=\"attachment-large size-large wp-image-2627\" alt=\"\" srcset=\"https:\/\/www.hiriburukoainharafootball.fr\/wp-content\/uploads\/2024\/02\/lauburu-droite.png 507w, https:\/\/www.hiriburukoainharafootball.fr\/wp-content\/uploads\/2024\/02\/lauburu-droite-300x138.png 300w\" sizes=\"(max-width: 507px) 100vw, 507px\" \/>\t\t\t\t\t\t\t\t\t\t\t\t\t\t\t<\/div>\n\t\t\t\t<\/div>\n\t\t\t\t\t<\/div>\n\t\t<\/div>\n\t\t\t\t\t<\/div>\n\t\t<\/header>\n\t\t\t\t<section class=\"elementor-section elementor-top-section elementor-element elementor-element-3f9132a elementor-section-boxed elementor-section-height-default elementor-section-height-default wpr-particle-no wpr-jarallax-no wpr-parallax-no wpr-sticky-section-no wpr-equal-height-no\" data-id=\"3f9132a\" data-element_type=\"section\" data-e-type=\"section\" data-settings=\"{&quot;background_background&quot;:&quot;gradient&quot;}\">\n\t\t\t\t\t\t<div class=\"elementor-container elementor-column-gap-default\">\n\t\t\t\t\t<div class=\"elementor-column elementor-col-100 elementor-top-column elementor-element elementor-element-8606373\" data-id=\"8606373\" data-element_type=\"column\" data-e-type=\"column\">\n\t\t\t<div class=\"elementor-widget-wrap elementor-element-populated\">\n\t\t\t\t\t\t<div class=\"elementor-element elementor-element-3f5d2c9 elementor-widget elementor-widget-image\" data-id=\"3f5d2c9\" data-element_type=\"widget\" data-e-type=\"widget\" data-widget_type=\"image.default\">\n\t\t\t\t<div class=\"elementor-widget-container\">\n\t\t\t\t\t\t\t\t\t\t\t\t\t\t\t<img decoding=\"async\" width=\"923\" height=\"626\" src=\"https:\/\/www.hiriburukoainharafootball.fr\/wp-content\/uploads\/2024\/12\/Codir-1024x694.jpeg\" class=\"attachment-large size-large wp-image-3937\" alt=\"\" srcset=\"https:\/\/www.hiriburukoainharafootball.fr\/wp-content\/uploads\/2024\/12\/Codir-1024x694.jpeg 1024w, https:\/\/www.hiriburukoainharafootball.fr\/wp-content\/uploads\/2024\/12\/Codir-300x203.jpeg 300w, https:\/\/www.hiriburukoainharafootball.fr\/wp-content\/uploads\/2024\/12\/Codir-768x520.jpeg 768w, https:\/\/www.hiriburukoainharafootball.fr\/wp-content\/uploads\/2024\/12\/Codir-1536x1040.jpeg 1536w, https:\/\/www.hiriburukoainharafootball.fr\/wp-content\/uploads\/2024\/12\/Codir-2048x1387.jpeg 2048w\" sizes=\"(max-width: 923px) 100vw, 923px\" \/>\t\t\t\t\t\t\t\t\t\t\t\t\t\t\t<\/div>\n\t\t\t\t<\/div>\n\t\t\t\t<div class=\"elementor-element elementor-element-d4f2e42 elementor-widget elementor-widget-text-editor\" data-id=\"d4f2e42\" data-element_type=\"widget\" data-e-type=\"widget\" data-widget_type=\"text-editor.default\">\n\t\t\t\t<div class=\"elementor-widget-container\">\n\t\t\t\t\t\t\t\t\t<p style=\"padding: 0px; color: #333333; font-family: Roboto, Helvetica, Arial, sans-serif; font-size: 14px;\"><span style=\"color: #ffffff;\">Les membres du bureau :<\/span><\/p>\n<ul style=\"color: #333333; font-family: Roboto, Helvetica, Arial, sans-serif; font-size: 14px;\">\n<li style=\"margin: 0px; padding: 0px;\"><span style=\"color: #ffffff;\"><strong>MOTXOTEGUY Jean-Marie<\/strong>&nbsp;&#8211; Pr\u00e9sident<\/span><\/li>\n<li style=\"margin: 0px; padding: 0px;\"><span style=\"color: #ffffff;\"><span style=\"font-weight: bolder;\"><span style=\"font-weight: bolder;\">LOPEZ H\u00e9l\u00e8ne<\/span><\/span>&nbsp;&#8211; Vice-pr\u00e9sidente<\/span><\/li>\n<li style=\"margin: 0px; padding: 0px;\"><span style=\"color: #ffffff;\"><strong>PARTIE Philippe<\/strong>&nbsp;&#8211; Secr\u00e9taire&nbsp;g\u00e9n\u00e9ral<\/span><\/li>\n<li style=\"margin: 0px; padding: 0px;\"><span style=\"color: #ffffff;\"><strong><span style=\"font-weight: 400;\"><span style=\"font-weight: bolder;\">C<\/span><\/span><span style=\"font-weight: bolder;\">UELI Arnaud<\/span><\/strong>&nbsp;&#8211; Tr\u00e9sorier g\u00e9n\u00e9ral&nbsp;<\/span><\/li>\n<li style=\"margin: 0px; padding: 0px;\"><span style=\"color: rgb(255, 255, 255);\"><span style=\"font-weight: bolder;\"><span style=\"font-weight: bolder;\">&nbsp;<\/span>LATXAGUE Philippe<\/span>&nbsp;&#8211; Tr\u00e9sorier adjoint<\/span><\/li>\n<\/ul>\n<div><span style=\"color: #ffffff; font-family: Roboto, Helvetica, Arial, sans-serif;\"><span style=\"font-size: 14px;\">Les membres du Comit\u00e9 Directeur<\/span><\/span><\/div>\n<ul style=\"color: #333333; font-family: Roboto, Helvetica, Arial, sans-serif; font-size: 14px;\">\n<li style=\"margin: 0px; padding: 0px;\"><span style=\"color: #ffffff;\"><strong><strong>TRUCHELU!T Aur\u00e9lie-&nbsp;<\/strong>LANG Sylvain<\/strong>&nbsp;&#8211;&nbsp;<\/span><strong style=\"color: #ffffff; background-color: transparent; letter-spacing: 0px;\">DHEILLY Adrien&nbsp;<\/strong><span style=\"color: #ffffff; background-color: transparent; letter-spacing: 0px;\">&#8211; <\/span><strong style=\"color: #ffffff; background-color: transparent; letter-spacing: 0px;\">LALANNE Florence<\/strong><span style=\"color: #ffffff; background-color: transparent; letter-spacing: 0px;\">&nbsp;&#8211; <\/span><strong style=\"color: #ffffff; background-color: transparent; letter-spacing: 0px;\">PARTIE Marylis<\/strong><span style=\"color: #ffffff; background-color: transparent; letter-spacing: 0px;\">&nbsp;&#8211;&nbsp;<\/span><strong style=\"color: #ffffff; background-color: transparent; letter-spacing: 0px;\">LECORN\u00c9 Nicolas<\/strong><span style=\"color: #ffffff; background-color: transparent; letter-spacing: 0px;\">&nbsp;&#8211;&nbsp;<\/span><strong style=\"color: #ffffff; background-color: transparent; letter-spacing: 0px;\">LARRONDE Francis<\/strong><span style=\"color: #ffffff; background-color: transparent; letter-spacing: 0px;\">&nbsp;&#8211; <\/span><strong style=\"background-color: transparent; letter-spacing: 0px; color: #ffffff;\">DAUGUEN Christophe<\/strong><span style=\"background-color: transparent; letter-spacing: 0px; color: #ffffff;\">&nbsp;&#8211;&nbsp;<\/span><strong style=\"background-color: transparent; letter-spacing: 0px; color: #ffffff;\">VINCENT Thibault<\/strong><span style=\"background-color: transparent; letter-spacing: 0px; color: #ffffff;\">&nbsp;&#8211;&nbsp;<\/span><strong style=\"background-color: transparent; letter-spacing: 0px; color: #ffffff;\">MARANDET Claude<\/strong><span style=\"background-color: transparent; letter-spacing: 0px; color: #ffffff;\">&nbsp;&#8211;&nbsp;<\/span><strong style=\"letter-spacing: 0px; background-color: transparent; color: #ffffff;\">DHEILLY&nbsp;Eric &#8211;&nbsp;<\/strong><span style=\"font-weight: bolder; color: rgb(255, 255, 255);\">GOYENECHE Jacques<\/span><\/li>\n<\/ul>\n<p style=\"padding: 0px; color: #333333; font-family: Roboto, Helvetica, Arial, sans-serif; font-size: 14px;\">\n<\/p>\t\t\t\t\t\t\t\t<\/div>\n\t\t\t\t<\/div>\n\t\t\t\t\t<\/div>\n\t\t<\/div>\n\t\t\t\t\t<\/div>\n\t\t<\/section>\n\t\t\t\t<\/div>\n\t\t","protected":false},"excerpt":{"rendered":"<p>Le CODIR Les membres du bureau : MOTXOTEGUY Jean-Marie&nbsp;&#8211; Pr\u00e9sident LOPEZ H\u00e9l\u00e8ne&nbsp;&#8211; Vice-pr\u00e9sidente PARTIE Philippe&nbsp;&#8211; Secr\u00e9taire&nbsp;g\u00e9n\u00e9ral CUELI Arnaud&nbsp;&#8211; Tr\u00e9sorier g\u00e9n\u00e9ral&nbsp; &nbsp;LATXAGUE Philippe&nbsp;&#8211; Tr\u00e9sorier adjoint Les membres du Comit\u00e9 Directeur TRUCHELU!T Aur\u00e9lie-&nbsp;LANG Sylvain&nbsp;&#8211;&nbsp;DHEILLY Adrien&nbsp;&#8211; LALANNE Florence&nbsp;&#8211; PARTIE Marylis&nbsp;&#8211;&nbsp;LECORN\u00c9 Nicolas&nbsp;&#8211;&nbsp;LARRONDE Francis&nbsp;&#8211; DAUGUEN Christophe&nbsp;&#8211;&nbsp;VINCENT Thibault&nbsp;&#8211;&nbsp;MARANDET Claude&nbsp;&#8211;&nbsp;DHEILLY&nbsp;Eric &#8211;&nbsp;GOYENECHE Jacques<\/p>\n","protected":false},"author":3,"featured_media":0,"parent":0,"menu_order":0,"comment_status":"closed","ping_status":"closed","template":"","meta":{"_seopress_robots_primary_cat":"","_seopress_titles_title":"","_seopress_titles_desc":"","_seopress_robots_index":"","footnotes":""},"class_list":["post-521","page","type-page","status-publish","hentry"],"_links":{"self":[{"href":"https:\/\/www.hiriburukoainharafootball.fr\/index.php\/wp-json\/wp\/v2\/pages\/521","targetHints":{"allow":["GET"]}}],"collection":[{"href":"https:\/\/www.hiriburukoainharafootball.fr\/index.php\/wp-json\/wp\/v2\/pages"}],"about":[{"href":"https:\/\/www.hiriburukoainharafootball.fr\/index.php\/wp-json\/wp\/v2\/types\/page"}],"author":[{"embeddable":true,"href":"https:\/\/www.hiriburukoainharafootball.fr\/index.php\/wp-json\/wp\/v2\/users\/3"}],"replies":[{"embeddable":true,"href":"https:\/\/www.hiriburukoainharafootball.fr\/index.php\/wp-json\/wp\/v2\/comments?post=521"}],"version-history":[{"count":36,"href":"https:\/\/www.hiriburukoainharafootball.fr\/index.php\/wp-json\/wp\/v2\/pages\/521\/revisions"}],"predecessor-version":[{"id":3971,"href":"https:\/\/www.hiriburukoainharafootball.fr\/index.php\/wp-json\/wp\/v2\/pages\/521\/revisions\/3971"}],"wp:attachment":[{"href":"https:\/\/www.hiriburukoainharafootball.fr\/index.php\/wp-json\/wp\/v2\/media?parent=521"}],"curies":[{"name":"wp","href":"https:\/\/api.w.org\/{rel}","templated":true}]}}